
3
Let y(r) = 15*r - 4. What is the remainder when y(3) is divided by 14?
13
Calculate the remainder when -3 + -2 - 105/(-3) is divided by 17.
13
Let f be ((-3)/2)/((-9)/12). Let v(a) = 5*a**2 - 2*a + 3. What is the remainder when v(f) is divided by 2/5 + 48/5?
9
Let a(h) = 22*h + 5. What is the remainder when 80 is divided by a(1)?
26
Let l = -2 + 0. What is the remainder when (-1 - l*17) + 2 is divided by 12?
11
Let m(h) = -2*h - 4. Suppose -3*u + 1 = -2*q, -2*q + 3 = 3*u + 22. Let x be m(u). Calculate the remainder when 40 is divided by (-132)/(-9) - x/3.
12
Let v be 6/(-4)*(-20)/(-15). Let n = 18 - 5. Calculate the remainder when n is divided by v/4 - 45/(-6).
6
What is the remainder when 38 is divided by 6/(7/35 - 2/(-5))?
8
Let f(v) = v - 9*v + 0*v - 5*v. Let u = -1 + 0. What is the remainder when f(u) is divided by 5?
3
Let k(u) = u + 7. Calculate the remainder when 32 is divided by k(5).
8
Suppose 5*m + 55 = 5*a, 3 = 2*a + 5*m - 5. Calculate the remainder when a is divided by 3.
0
Suppose 4*s - 27 = -3*u, -3*s - s + 2*u + 22 = 0. Calculate the remainder when 32 is divided by s.
2
Let c = -4 + 30. Let a be -4 - -2 - (1 + -4). Let i = 13 + a. What is the remainder when c is divided by i?
12
Suppose 23 - 89 = -6*r. What is the remainder when 42 is divided by r?
9
Let c = -127 + 159. What is the remainder when c is divided by 16?
0
Suppose 1501 = 5*y - 1499. Let j = -335 + y. Suppose t + 4*u = 48, u + 4*u + j = 5*t. What is the remainder when t is divided by 18?
16
Suppose 5*m - 39 = 2*x - 4*x, -5*x = -m - 84. Let c(d) = -7*d - 9*d + 10 - 9. What is the remainder when c(-3) is divided by x?
15
Let s(z) = 5*z**2 - 4*z + 2. Let b(u) = u**2 - 1. Let t(n) = -3*b(n) + s(n). What is the remainder when t(5) is divided by 12?
11
Suppose 3*m - 8 = 4. Suppose -l + m*l = 198. Suppose -y - p + 17 = 2*p, -3*y - 4*p + l = 0. What is the remainder when y is divided by 9?
8
Let q = -84 - -37. Let w = q + 79. Calculate the remainder when w is divided by 11.
10
Suppose -38*k + 30*k = -240. Calculate the remainder when 147 is divided by k.
27
Suppose 2*x = 15 + 19. What is the remainder when x is divided by 7?
3
Let n(x) = -x**3 + 7*x**2 + 5*x + 4. Let y be 18/4*(-8)/6. Let q(f) = f**3 + 5*f**2 - 9*f - 8. What is the remainder when n(7) is divided by q(y)?
9
Suppose -2*f = -3*f. What is the remainder when 22 - 0/(5/1) is divided by 0/1 + 8 - f?
6
Let f(v) = 6*v**2 + v - 2. What is the remainder when 23 is divided by f(1)?
3
Let w(s) = -2*s**3 - 4*s**2 + s + 1. Let a(g) = -g - 3. Let l be a(0). Calculate the remainder when w(l) is divided by 9.
7
Let i be ((-20)/3)/(5/(-15)). Suppose 0 = -h + 3*h - i. What is the remainder when 28 is divided by h?
8
Suppose r = 5 + 11. Let i = r + 5. Calculate the remainder when i is divided by 6.
3
Suppose -c + 7*c = 240. Calculate the remainder when c is divided by 2 + -1*1 + 13.
12
Suppose 5*c = -3 + 13. Suppose -5*t - 41 = -5*a + 164, 3*t + 83 = c*a. Suppose -2*k - 2*k + a = 0. What is the remainder when k is divided by 6?
4
Let z = -2 - -5. Suppose y = 5*f - 11 + 34, 3*f = -3*y + 33. Calculate the remainder when z/((-3)/(-2)) + 35 is divided by y.
11
Calculate the remainder when 75 - 2/(-6)*-3 is divided by 25.
24
What is the remainder when 75 is divided by 0 + 1 + ((-156)/6)/(-1)?
21
Let z = 20 + -1. What is the remainder when z is divided by 7?
5
What is the remainder when 51 is divided by (-3)/(-3 - (-51)/18)?
15
What is the remainder when 5 is divided by 5*(9/36 + 7/20)?
2
Suppose -4*v - 2*b + 106 = 0, -b = v + 3*v - 103. Let l(t) = -t**2 - 14*t + 7. What is the remainder when v is divided by l(-14)?
4
Let g(o) = -16*o**3 + o**2 - o - 1. Calculate the remainder when g(-1) is divided by 19/3 + (-2)/6.
5
Suppose t + 1 = -2. Let p(m) = -2*m + 6. Calculate the remainder when p(t) is divided by 5.
2
Let r be (-2)/6 + 40/12. Suppose -t - 5*m + 96 = t, 144 = r*t + 5*m. Calculate the remainder when t is divided by 17.
14
Suppose -3*r = 3*c + 2*r + 1, 7 = -2*c + 3*r. Calculate the remainder when c/(-4)*(0 + 2) is divided by 1.
0
Let r be -2 - -5 - 3*1. Suppose -2*z = 3*i + 2*i - 21, 4*z - 3*i - 55 = r. Suppose y + z = 2*y. Calculate the remainder when 25 is divided by y.
12
Let a = 187 + -118. What is the remainder when a is divided by 14?
13
Suppose 12 - 44 = -2*h - 4*m, -2*m = -h + 28. Calculate the remainder when h is divided by 8.
6
Suppose 22 = -2*m - 0*m. Let z = m + 22. Calculate the remainder when 21 is divided by z.
10
Calculate the remainder when 64 is divided by (6/9)/((-12)/(-198)).
9
Let m(d) = d + 5. Let i be m(4). What is the remainder when 106/i + (-2)/(-9) is divided by 5?
2
Calculate the remainder when 161 - (-1 + -1 - (0 - 0)) is divided by 33.
31
Let c(j) = -j**2 + 6*j + 3. Calculate the remainder when 178/8 - (-6)/8 is divided by c(5).
7
Let n = 16 + 39. What is the remainder when n is divided by 29?
26
Let a(m) = m + 1 - 4*m + 4*m + 5. What is the remainder when a(6) is divided by 5?
2
Suppose 3*c - 5*o - 72 = 27, 4*c - 3*o - 132 = 0. Let f = -15 + c. What is the remainder when 52 is divided by f?
16
Suppose 0 = -31*w + 35*w - 28. Calculate the remainder when 33 is divided by w.
5
Suppose 4*l + 2*y = 70, l - 4 = -0*l + 4*y. Calculate the remainder when 22 is divided by l.
6
Let d(m) = -m + 11. Let u(h) = h**2 - 2*h - 1. Let k be u(2). Let q = k - -2. Calculate the remainder when q is divided by d(10).
0
Let q be 0 + (-1*10 - -4). What is the remainder when -3*(152/q + 1) is divided by 25?
23
Suppose 0 = 3*c + 2*d - 3*d + 132, 4*c + 5*d = -176. Let m = c - -110. Calculate the remainder when m is divided by 17.
15
Let j = 9 - 6. Suppose -2*u - j*u = -55. What is the remainder when 19 is divided by u?
8
Let i be (12/5)/((-3)/10). Suppose -4*y = -y - 18. What is the remainder when (-201)/(-12) + (-2)/i is divided by y?
5
Let x be 1 + (0 - 28)/(-2). Suppose 0 = -4*j - x + 51. Let h = -1 + 18. Calculate the remainder when h is divided by j.
8
Suppose -v = 16 - 89. Let d be 1*8/((-16)/(-4)). Suppose 0*o = -5*s + 2*o + v, d*o = -8. Calculate the remainder when 37 is divided by s.
11
Suppose 0 = 3*a + 4*j - 3*j - 115, -3*a = 5*j - 107. Calculate the remainder when a is divided by 10.
9
Let g be 15/2*(-42)/35. Let r(l) = -l**2 - 11*l + 2. Calculate the remainder when 59 is divided by r(g).
19
Let a = 7 - -9. Suppose 0*f - a = -f. Calculate the remainder when f is divided by 1 + (1 + 15)/2.
7
Suppose 5*r - v - 15 = 27, -5*r + 50 = -5*v. Let x = r + -4. What is the remainder when 15 is divided by x?
3
Let b(t) = -3*t + 1. Let o be (18/4)/((-3)/4). What is the remainder when b(o) is divided by 11?
8
Suppose p = -4*q + 28, 6*q - 44 = 3*q + 5*p. Calculate the remainder when 27 is divided by q.
3
Suppose -b = y - 24, b - 24 = -5*y + 2*y. What is the remainder when 92 is divided by b?
20
Suppose 4*y + 12 = 136. What is the remainder when y is divided by 8?
7
What is the remainder when 27 is divided by (-12)/(-4) - 6 - -18?
12
What is the remainder when -9 + 16 - (2/2)/1 is divided by 2?
0
Let d = 3 - 1. Let r(f) = -4*f**3 + 6*f**2 - 8. Let t(n) = -3*n**3 + 7*n**2 - 7. Let u(m) = 2*r(m) - 3*t(m). Calculate the remainder when u(9) is divided by d.
1
Let y = -66 + 117. What is the remainder when y is divided by 13?
12
Suppose 30 = -3*w + 8*w + 3*o, -5*w + 5*o = 10. Suppose w*j - 185 = -4*s, -173 = -3*j - s + 15. Calculate the remainder when j is divided by 22.
19
Let y(c) = c**2 - 5*c + 13. Calculate the remainder when 51 is divided by y(7).
24
Suppose 0 = -r - 2*b + 49, -3*r + 4*b - 55 = -4*r. Calculate the remainder when 83 is divided by r.
40
Suppose 3*i = -4*f + 55 + 3, -2*f - 6 = -i. Let x = -6 + 10. What is the remainder when i is divided by x?
2
Let o(l) = -16*l**3 - 2*l**2 - l. Let s be o(-1). Let q = 3 + s. Let a = 41 - 7. What is the remainder when a is divided by q?
16
Suppose 323 - 1114 = -7*m. What is the remainder when m is divided by 29?
26
Suppose 4*y + 8*k = 3*k - 18, 5*k = -3*y - 16. Let i(v) = -19*v - 5. Calculate the remainder when i(y) is divided by 12.
9
Suppose 7 = -2*q - 1. Let g = q + 2. What is the remainder when 17 is divided by (-68)/(-8) - g/4?
8
Let n(g) = -6*g - 79. What is the remainder when n(-16) is divided by 3?
2
Suppose -t - 80 = 2*y + 3*y, -3*y - 55 = 2*t. Let u = 22 + y. Calculate